) = -j**2 + 13*j + 157. Determine f(24).
-107
Let q(h) = h**3 - 12*h**2 - 3*h - 16. Determine q(12).
-52
Let t(n) = n**3 - 111*n**2 - 33. Calculate t(111).
-33
Let p(h) = 3*h**2 - 11*h + 36. What is p(5)?
56
Let d(u) = -15*u**3 - 89*u**2 + u + 3. What is d(-6)?
33
Let l(h) = -h**3 - 21*h**2 + 40*h - 133. What is l(-23)?
5
Let y(t) = 2*t**3 + 17*t**2 - 3*t + 33. Calculate y(-9).
-21
Let o(z) = -2185*z - 48068. Give o(-22).
2
Let x(z) = z**3 + 3*z**2 - 8*z - 20. Give x(-3).
4
Let g(b) = 4*b + 375. What is g(43)?
547
Let o(j) = j**3 + 9*j**2 - j + 289. Calculate o(-11).
58
Let r(p) = p**2 + 194*p + 1684. Calculate r(-9).
19
Let c(h) = -h**2 - 57*h - 813. What is c(-28)?
-1
Let y(t) = -t**3 - 5*t**2 + 8*t - 21. Calculate y(5).
-231
Let h(u) = -4*u**2 - 84*u - 30. Determine h(-20).
50
Let d(u) = u**3 - 14*u**2 - 38*u + 88. What is d(16)?
-8
Let h(d) = d**2 - 22*d + 180. Determine h(15).
75
Let f(o) = 3*o**3 + 4*o**2 + o - 3. What is f(4)?
257
Let x(k) = k**2 + 19*k + 77. Calculate x(-14).
7
Let a(p) = 2*p**2 - 77*p + 12. What is a(0)?
12
Let h(i) = -537*i + 4822. What is h(9)?
-11
Let z(f) = -f**3 + 15*f**2 + 6*f - 29. What is z(15)?
61
Let a(i) = -10*i**3 + 317*i**2 + 104*i - 257. Determine a(32).
-1
Let l(m) = -185*m**3 + m**2 - 4*m + 2. Determine l(1).
-186
Let a(s) = -s**3 + 11*s**2 + 42*s - 203. What is a(13)?
5
Let u(b) = b**3 - 8*b**2 - 55*b + 262. Determine u(5).
-88
Let u(j) = -8*j - 201. Give u(-26).
7
Let s(j) = 25*j - 96. What is s(9)?
129
Let k(y) = -1887*y - 22652. Calculate k(-12).
-8
Let i(c) = -46*c + 167. Calculate i(4).
-17
Let k(v) = v**2 + 20*v + 85. Calculate k(-21).
106
Let v(y) = 31*y - 1100. Calculate v(37).
47
Let v(y) = -y + 91. Determine v(13).
78
Let x(z) = -232*z**3 + 6728*z**2 - 4*z + 108. Calculate x(29).
-8
Let w(h) = h**2 - 49*h + 192. Give w(45).
12
Let k(a) = -6*a**2 - 3*a + 18. What is k(5)?
-147
Let b(k) = -k - 162. What is b(-170)?
8
Let a(r) = 155*r + 1337. Give a(-8).
97
Let b(i) = -33*i - 220. Calculate b(-7).
11
Let y(a) = 1922*a + 9634. Give y(-5).
24
Let o(s) = 5*s**2 + 81*s - 247. Determine o(3).
41
Let i(y) = -y**2 - 72*y - 564. Give i(-63).
3
Let t(s) = 2*s**2 - 168*s + 303. Calculate t(82).
-25
Let b(h) = 946*h - 5762. Give b(6).
-86
Let k(p) = -68*p + 85. Give k(3).
-119
Let z(t) = 17*t + 799. What is z(-46)?
17
Let q(r) = 17*r - 67. What is q(8)?
69
Let i(r) = 7*r**2 - 55*r + 198. What is i(6)?
120
Let r(h) = -h**2 - 148*h - 1537. Calculate r(-10).
-157
Let g(o) = o**3 - 27*o**2 - 3*o - 702. Give g(28).
-2
Let u(j) = j**3 - j**2 - 212*j + 21. Calculate u(-14).
49
Let k(c) = -15*c - 170. Calculate k(15).
-395
Let m(y) = -56*y + 14. What is m(-1)?
70
Let u(b) = -b**3 - 10*b**2 + 34*b - 13. Calculate u(5).
-218
Let j(k) = 5*k - 419. What is j(82)?
-9
Let t(u) = 47*u**3 - u**2 + u - 1. Determine t(1).
46
Let z(j) = 2*j**2 - 31*j - 105. Determine z(20).
75
Let b(r) = r**3 + 25*r**2 + 46*r - 107. Calculate b(-22).
333
Let k(f) = -85*f - 1162. Determine k(-17).
283
Let u(w) = -35*w + 1172. Determine u(31).
87
Let q(s) = 5*s**3 - 15*s**2 + 38*s - 5. Give q(3).
109
Let i(o) = -466*o + 1105. What is i(3)?
-293
Let c(v) = v**3 + 13*v**2 + 7*v + 85. Determine c(-16).
-795
Let w(c) = 7*c**3 + 799*c**2 + 113*c - 63. Determine w(-114).
51
Let v(l) = -l**3 + 6*l**2 + 31*l + 15. Determine v(9).
51
Let z(g) = -g**3 + 8*g**2 + 11*g + 34. Give z(9).
52
Let w(n) = -n**2 + 21*n - 90. Give w(8).
14
Let g(f) = f**2 + 15*f - 91. What is g(-23)?
93
Let t(b) = -109*b - 2323. Determine t(-22).
75
Let a(p) = -134*p**2. Determine a(-1).
-134
Let r(f) = 18*f**2 - 70*f - 9. Calculate r(4).
-1
Let v(z) = 80*z**2 + 2565*z + 77. Give v(-32).
-83
Let p(y) = -y**2 - 23*y - 415. Give p(0).
-415
Let z(u) = u**2 + 7*u - 898. What is z(25)?
-98
Let t(b) = b + 43. Give t(-12).
31
Let r(p) = -2087*p + 2057. Calculate r(1).
-30
Let a(j) = j**2 + 165*j - 7000. What is a(35)?
0
Let i(z) = 4*z**2 - 145*z + 3. Calculate i(36).
-33
Let f(x) = x**3 - 9*x**2 + 24*x - 64. Give f(8).
64
Let m(i) = -3*i**3 - 66*i**2 + 300*i + 5318. What is m(-23)?
5
Let p(d) = -49*d - 288. What is p(-9)?
153
Let a(i) = -2*i**2 + 6*i - 4. Give a(10).
-144
Let x(d) = -3*d**3 + 56*d**2 + 650*d + 682. Determine x(27).
7
Let f(o) = 25*o + 295. Give f(-12).
-5
Let y(v) = 14*v - 118. Determine y(8).
-6
Let r(o) = -o**3 + 14*o**2 + 6*o - 161. Determine r(14).
-77
Let o(q) = -4*q**3 + 2*q**2 + 54*q - 1. What is o(4)?
-9
Let l(s) = s**2 - 40*s + 150. What is l(31)?
-129
Let z(u) = 71*u - 1897. What is z(27)?
20
Let r(j) = -5*j**3 + 121*j**2 - 30*j + 154. Give r(24).
10
Let u(l) = 6*l**2 - 2102*l - 19411. Calculate u(-9).
-7
Let h(w) = w**3 + 86*w**2 - 85*w + 180. Give h(-87).
6
Let d(i) = 129*i**2 + 25*i. Give d(1).
154
Let h(i) = -2*i**2 - 16*i - 16. Calculate h(-13).
-146
Let x(a) = 3*a**2 + 36*a - 255. What is x(7)?
144
Let m(u) = -5*u**2 - 285*u - 308. What is m(-56)?
-28
Let f(j) = -169*j**2 + 322*j + 32. What is f(2)?
0
Let f(h) = -5*h**3 - 21*h**2 - 6*h - 18. Determine f(-4).
-10
Let v(t) = -t**3 - 17*t**2 + 3*t - 4. Give v(0).
-4
Let h(s) = 2*s**2 + 21*s - 23. Give h(-6).
-77
Let n(p) = p**3 - 12*p**2 - 186*p + 2217. Determine n(14).
5
Let k(l) = 108*l + 660. Calculate k(-6).
12
Let r(t) = -t**2 + 113*t - 802. Calculate r(8).
38
Let c(a) = -a**3 - 7*a**2 + 87*a + 17. What is c(-14)?
171
Let i(k) = -36*k + 1. Give i(2).
-71
Let i(g) = 2*g**2 - 6*g - 85. Give i(8).
-5
Let q(p) = -4*p**2 - 233*p + 477. What is q(2)?
-5
Let o(d) = 2*d**3 - 20*d**2 + 34*d + 3. Give o(8).
19
Let w(a) = -19*a**2 + 35*a + 7. What is w(4)?
-157
Let s(v) = v**2 - v - 418. Calculate s(20).
-38
Let b(s) = -2*s**2 + 79*s - 553. Give b(9).
-4
Let s(k) = -k**3 + 2*k**2 + 3*k - 44. Calculate s(0).
-44
Let v(h) = 72*h - 2880. Calculate v(34).
-432
Let t(q) = -q**2 + 57*q + 2147. Calculate t(83).
-11
Let b(f) = 27*f - 678. What is b(24)?
-30
Let s(f) = -f**3 - 37*f**2 + 95*f + 644. Calculate s(-39).
-19
Let t(m) = 54*m + 81. Calculate t(-2).
-27
Let q(r) = 6*r**3 + 9*r**2 - 4*r - 12. What is q(-3)?
-81
Let q(z) = -6*z**2 - 16*z + 162. Determine q(-7).
-20
Let q(a) = a - 98. Calculate q(28).
-70
Let n(l) = -l**3 - 6*l**2 + 6*l + 14. Give n(-4).
-42
Let w(p) = 5*p + 173. Determine w(-11).
118
Let z(x) = -x**2 - 30*x + 11. What is z(-17)?
232
Let i(j) = j**2 + 58*j - 450. What is i(-65)?
5
Let x(l) = -3*l - 107. Give x(-45).
28
Let a(d) = 2*d**3 - 258*d**2 + 17*d - 2306. Determine a(129).
-113
Let w(f) = -138*f - 402. Give w(-3).
12
Let c(x) = -123*x - 1730. Give c(-14).
-8
Let i(s) = -s**3 + 3*s**2 + 92*s + 44. Determine i(0).
44
Let x(y) = -123*y + 3077. Determine x(25).
2
Let f(y) = y**3 + 12*y**2 + 61*y + 173. What is f(-7)?
-9
Let o(h) = 4*h**2 - 191*h - 258. Calculate o(49).
-13
Let a(j) = -151*j + 394. Determine a(3).
-59
Let d(n) = -20*n**2 + 38*n + 21. Calculate d(6).
-471
Let c(d) = -11422*d + 34266. Calculate c(3).
0
Let f(n) = -17*n**2 - 18*n - 14. Determine f(-3).
-113
Let c(x) = -93*x + 12917. Calculate c(139).
-10
Let t(k) = k**2 + 228*k + 3215. Give t(-15).
20
Let u(l) = -l**3 - 43*l**2 - 407*l - 19. Give u(-29).
10
Let p(n) = -n**3 - 18*n**2 - 2*n - 6. Give p(-18).
30
Let h(x) = -2*x**2 - 9*x - 20. What is h(-6)?
-38
Let y(f) = -2*f**2 - 47*f - 227. Determine y(-12).
49
Let w(c) = -16*c**2 - 31*c - 19. Give w(-1).
-4
Let b(t) = t**3 - 53*t**2 + 328*t + 1442. Calculate b(45).
2
Let y(v) = -85*v - 4401. Give y(-53).
104
Let p(g) = -g**2 - 14*g + 114. What is p(6)?
-6
Let z(k) = -6*k**2 - 18*k + 6. Calculate z(-8).
-234
Let w(r) = 3*r**2 + 889*r + 4432. Determine w(-5).
62
Let c(t) = -t**2 + 118*t - 911. Give c(109).
70
Let j(y) = -31*y - 372. Calculate j(-12).
0
Let s(m) = 51*m - 157. Calculate s(4).
47
Let m(k) = 2*k**3 - 2*k**2 - 160*k - 97. Calculate m(-8).
31
Let u(x) = -5*x**3 + 11*x**2 + 30*x - 56. Determine u(3).
-2
Let q(u) = 2*u**3 + 197*u**2 + 90*u - 789. Determine q(-98).
-5
Let w(a) = 2*a**2 + 100*a + 200. Determine w(-47).
-82
Let o(m) = -54*m + 645. What is o(10)?
105
Let g(i) = 10494*i - 62969. Determine g(6).
-5
Let k(x) = x**2 - 52*x + 201. Give k(40).
-279
Let n(x) = -7376*x - 36899. What is n(-5)?
-19
Let p(l) = 68*l - 421. What is p(6)?
-13
Let k(l) = -l**3 - 5*l**2 + 23*l - 4. What is k(-6)?
-106
Let c(b) = -34*b - 223. Calculate c(-5).
-53
Let g(k) = 2*k**2 - 124*k 